 multiple of 87?
False
Does 34 divide 29614?
True
Does 109 divide 29212?
True
Is 114 a multiple of 19?
True
Does 24 divide 1392?
True
Is 58725 a multiple of 5?
True
Does 12 divide 3586?
False
Is 5698 a multiple of 3?
False
Is 91 a factor of 14537?
False
Is 4402 a multiple of 142?
True
Is 7 a factor of 14?
True
Does 7 divide 17577?
True
Is 422 a multiple of 9?
False
Does 70 divide 2030?
True
Is 148 a factor of 17242?
False
Is 11808 a multiple of 9?
True
Is 1615 a multiple of 95?
True
Is 38 a multiple of 19?
True
Is 39 a factor of 5850?
True
Is 79 a factor of 26364?
False
Is 4 a factor of 2012?
True
Is 41 a factor of 1025?
True
Is 12 a factor of 2286?
False
Does 24 divide 25248?
True
Is 24168 a multiple of 12?
True
Does 13 divide 2002?
True
Is 768 a multiple of 64?
True
Does 2 divide 754?
True
Is 12585 a multiple of 15?
True
Does 13 divide 14365?
True
Is 929 a multiple of 39?
False
Does 21 divide 595?
False
Is 16 a factor of 640?
True
Is 8091 a multiple of 29?
True
Does 5 divide 821?
False
Is 60984 a multiple of 33?
True
Is 57 a factor of 1368?
True
Is 884 a multiple of 13?
True
Does 20 divide 1650?
False
Is 430 a multiple of 5?
True
Is 27 a factor of 42843?
False
Does 8 divide 6769?
False
Does 35 divide 490?
True
Is 29 a multiple of 2?
False
Is 4 a factor of 142?
False
Is 13 a factor of 273?
True
Is 3016 a multiple of 58?
True
Does 21 divide 4029?
False
Is 24637 a multiple of 71?
True
Is 706 a multiple of 19?
False
Is 91 a factor of 1276?
False
Does 13 divide 2314?
True
Does 2 divide 2742?
True
Does 33 divide 17853?
True
Does 27 divide 14123?
False
Does 61 divide 26626?
False
Is 109 a factor of 4578?
True
Does 12 divide 1622?
False
Is 133 a factor of 10640?
True
Is 2458 a multiple of 9?
False
Does 35 divide 455?
True
Is 10 a factor of 15958?
False
Is 174 a multiple of 12?
False
Does 14 divide 344?
False
Is 9 a factor of 675?
True
Is 11 a factor of 1553?
False
Does 5 divide 5680?
True
Is 2106 a multiple of 87?
False
Does 34 divide 130644?
False
Is 9 a factor of 3636?
True
Does 62 divide 12958?
True
Is 139 a factor of 44517?
False
Is 5558 a multiple of 48?
False
Is 595 a multiple of 41?
False
Is 4 a factor of 388?
True
Does 140 divide 980?
True
Is 104000 a multiple of 208?
True
Is 187 a multiple of 6?
False
Is 43 a factor of 903?
True
Is 2603 a multiple of 6?
False
Is 5 a factor of 1075?
True
Is 4 a factor of 219?
False
Is 5018 a multiple of 42?
False
Is 3 a factor of 12949?
False
Is 65527 a multiple of 253?
True
Does 2 divide 500?
True
Does 14 divide 1307?
False
Is 25 a factor of 1275?
True
Is 100 a factor of 22000?
True
Does 4 divide 1444?
True
Is 27 a factor of 2133?
True
Is 82 a factor of 1558?
True
Is 14639 a multiple of 64?
False
Does 59 divide 794?
False
Is 6 a factor of 36?
True
Is 4984 a multiple of 56?
True
Is 15 a factor of 450?
True
Does 43 divide 1121?
False
Is 18869 a multiple of 45?
False
Is 25029 a multiple of 135?
False
Does 8 divide 16668?
False
Does 107 divide 12616?
False
Is 121 a factor of 27278?
False
Is 10140 a multiple of 20?
True
Is 74 a multiple of 4?
False
Does 46 divide 52072?
True
Is 116 a factor of 11136?
True
Is 60283 a multiple of 95?
False
Is 34868 a multiple of 89?
False
Is 39 a multiple of 3?
True
Is 198 a factor of 59177?
False
Is 45 a factor of 5552?
False
Is 13 a factor of 39793?
True
Is 81 a factor of 4849?
False
Is 5427 a multiple of 27?
True
Is 1359 a multiple of 9?
True
Is 4199 a multiple of 10?
False
Does 11 divide 1034?
True
Is 48 a factor of 624?
True
Is 26 a factor of 676?
True
Is 5312 a multiple of 16?
True
Is 105 a factor of 13545?
True
Is 12 a factor of 8844?
True
Is 9 a factor of 234?
True
Is 23 a factor of 31395?
True
Does 30 divide 1680?
True
Does 60 divide 3016?
False
Does 28 divide 9816?
False
Does 3 divide 3131?
False
Does 72 divide 5670?
False
Is 34363 a multiple of 31?
False
Is 2 a factor of 2951?
False
Is 303 a multiple of 3?
True
Is 5277 a multiple of 7?
False
Is 4 a factor of 436?
True
Is 15219 a multiple of 9?
True
Is 17 a factor of 2567?
True
Is 40 a factor of 154?
False
Is 15 a factor of 4792?
False
Does 17 divide 18241?
True
Is 268 a multiple of 4?
True
Does 26 divide 910?
True
Is 71 a factor of 2136?
False
Is 72 a factor of 1008?
True
Is 15 a factor of 708?
False
Is 27 a factor of 891?
True
Does 25 divide 1500?
True
Is 23 a factor of 43149?
False
Does 17 divide 542?
False
Is 14 a factor of 46141?
False
Is 82 a factor of 328?
True
Is 4 a factor of 972?
True
Is 14213 a multiple of 30?
False
Is 1407 a multiple of 7?
True
Is 15 a factor of 337?
False
Does 46 divide 10994?
True
Does 5 divide 2746?
False
Is 39 a factor of 741?
True
Is 736 a multiple of 23?
True
Does 38 divide 14250?
True
Does 3 divide 408?
True
Does 86 divide 40248?
True
Does 16 divide 3234?
False
Is 18 a factor of 1400?
False
Does 3 divide 42?
True
Is 90 a multiple of 2?
True
Does 15 divide 355?
False
Does 7 divide 36?
False
Is 10 a factor of 11635?
False
Is 27 a factor of 1816?
False
Is 79 a factor of 237?
True
Does 8 divide 2696?
True
Does 63 divide 1323?
True
Does 99 divide 1485?
True
Is 20 a factor of 895?
False
Is 258 a factor of 18229?
False
Is 16715 a multiple of 55?
False
Is 480 a multiple of 240?
True
Is 20 a factor of 6480?
True
Does 27 divide 10289?
False
Does 55 divide 5680?
False
Is 3 a factor of 117?
True
Is 13 a factor of 941?
False
Does 19 divide 3135?
True
Does 28 divide 3314?
False
Does 22 divide 14036?
True
Is 5482 a multiple of 106?
False
Is 111 a factor of 3219?
True
Does 48 divide 2839?
False
Is 17 a factor of 217?
False
Is 17 a factor of 519?
False
Is 5019 a multiple of 30?
False
Is 10 a factor of 490?
True
Is 61 a factor of 976?
True
Does 20 divide 62900?
True
Does 20 divide 6580?
True
Is 1696 a multiple of 19?
False
Does 18 divide 524?
False
Does 34 divide 3944?
True
Is 18 a factor of 2196?
True
Does 20 divide 300?
True
Does 14 divide 280?
True
Is 8 a factor of 96?
True
Is 595 a multiple of 15?
False
Does 90 divide 4590?
True
Does 4 divide 1120?
True
Is 65 a factor of 3185?
True
Is 48 a factor of 768?
True
Is 36 a factor of 6423?
False
Is 18 a factor of 105642?
True
Does 42 divide 46284?
True
Is 223 a multiple of 7?
False
Is 36 a factor of 46906?
False
Does 242 divide 17424?
True
Does 28 divide 1937?
False
Is 27 a factor of 378?
True
Is 111594 a multiple of 14?
True
Is 9 a factor of 2045?
False
Does 3 divide 409?
False
Does 12 divide 1128?
True
Is 40 a factor of 5266?
False
Is 53584 a multiple of 16?
True
Is 10 a factor of 110?
True
Does 141 divide 23829?
True
Is 3 a factor of 14?
False
Is 15961 a multiple of 11?
True
Is 240 a factor of 41003?
False
Is 88 a factor of 37400?
True
Is 59892 a multiple of 322?
True
Is 23 a factor of 552?
True
Is 41717 a multiple of 36?
False
Is 24432 a multiple of 60?
False
Does 24 divide 1416?
True
Is 216 a factor of 48600?
True
Is 4 a factor of 267?
False
Is 47 a factor of 1086?
False
Is 9 a factor of 44089?
False
Is 288 a multiple of 16?
True
Does 8 divide 1523?
False
Does 11 divide 1639?
True
Is 1290 a multiple of 43?
True
Does 21 divide 10752?
True
Does 10 divide 5988?
False
Does 4 divide 230?
False
Is 80 a factor of 1280?
True
Is 81648 a multiple of 14?
True
Is 17 a factor of 1734?
True
Does 3 divide 13075?
False
Is 29010 a multiple of 160?
False
Is 2068 a multiple of 94?
True
Is 38 a factor of 797?
False
Is 22314 a multiple of 3?
True
Does 17 divide 1302?
False
Is 15609 a multiple of 121?
True
Is 86 a factor of 946?
True
Is 27 a factor of 2010?
False
Is 84 a factor of 2268?
True
Does 145 divide 80595?
False
Does 79 divide 632?
True
Is 17836 a multiple of 7?
True
Is 5 a factor of 2561?
False
Is 824 a multiple of 21?
False
Is 39 a factor of 1326?
True
Does 15 divide 57090?
True
Is 17 a factor of 1530?
True
Does 403 divide 10616?
False
Does 5 divide 8930?
True
Is 2273 a multiple of 57?
False
Is 7 a factor of 2599?
False
Does 59 divide 36285?
True
Is 70 a factor of 630?
True
Is 4012 a multiple of 34?
True
Is 1518 a multiple of 23?
True
Is 768 a multiple of 16?
True
Does 6 divide 16735?
False
Does 66 divide 66?
True
Is 17 a factor of 459?
True
Is 16869 a multiple of 42?
False
Is 1066 a multiple of 37?
False
Is 120 a factor of 6255?
False
Is 288 a multiple of 6?
True
Is 2121 a multiple of 18?
False
Is 52 a multiple of 13?
True
Is 46 a factor of 34895?
False
Is 